he prime factors of 3450214220?
2, 5, 43, 1321, 3037
What are the prime factors of 47247579?
3, 5249731
List the prime factors of 27850401.
3, 23, 83, 1621
What are the prime factors of 154105907?
154105907
What are the prime factors of 72919969?
72919969
What are the prime factors of 981738304?
2, 17, 902333
What are the prime factors of 5471408853?
3, 19, 197, 162419
What are the prime factors of 14182559?
23, 379, 1627
List the prime factors of 1415223736.
2, 109, 929, 1747
What are the prime factors of 17122791?
3, 7, 17, 47963
What are the prime factors of 356639677?
1609, 221653
What are the prime factors of 427515779?
17, 71, 271, 1307
List the prime factors of 170779156.
2, 5701, 7489
What are the prime factors of 154817225?
5, 19, 29, 11239
What are the prime factors of 276112595?
5, 11, 5020229
What are the prime factors of 27618187?
47, 587621
What are the prime factors of 536635840?
2, 5, 13, 9923
List the prime factors of 75805423.
53, 1430291
List the prime factors of 276474840.
2, 3, 5, 113, 20389
List the prime factors of 1738030332.
2, 3, 144835861
What are the prime factors of 21824371?
21824371
What are the prime factors of 28139872?
2, 879371
What are the prime factors of 69485014?
2, 19, 53, 34501
What are the prime factors of 28020157?
11, 941, 2707
List the prime factors of 216175368.
2, 3, 1291, 6977
List the prime factors of 454828583.
11, 2851, 14503
What are the prime factors of 230127601?
11, 19, 31, 3229
List the prime factors of 14612322.
2, 3, 109, 22343
What are the prime factors of 1905415373?
1905415373
List the prime factors of 1468479514.
2, 331, 1201, 1847
What are the prime factors of 247323467?
247323467
List the prime factors of 2505659419.
2505659419
List the prime factors of 5313396278.
2, 113, 23510603
What are the prime factors of 2339610601?
17, 8171, 16843
List the prime factors of 413998495.
5, 101, 819799
List the prime factors of 60048225.
3, 5, 37, 7213
What are the prime factors of 52453254?
2, 3, 7, 173, 7219
What are the prime factors of 829735227?
3, 47, 1961549
What are the prime factors of 261483094?
2, 97, 127, 10613
List the prime factors of 199615631.
199615631
What are the prime factors of 6501266?
2, 3250633
List the prime factors of 21462819.
3, 7, 31, 32969
What are the prime factors of 205438004?
2, 43, 1194407
List the prime factors of 34982099.
34982099
What are the prime factors of 827402276?
2, 23, 31, 290113
What are the prime factors of 571179218?
2, 691, 413299
List the prime factors of 57928221.
3, 13, 495113
What are the prime factors of 89124387?
3, 11, 17, 158867
What are the prime factors of 4774785?
3, 5, 318319
List the prime factors of 526626.
2, 3, 17, 1721
List the prime factors of 254921890.
2, 5, 29, 47, 59, 317
List the prime factors of 1229200746.
2, 3, 41, 191, 26161
List the prime factors of 2904737193.
3, 47, 419, 607
What are the prime factors of 2392320288?
2, 3, 83, 113, 2657
What are the prime factors of 18037829?
97, 185957
What are the prime factors of 27587920?
2, 5, 67, 5147
What are the prime factors of 22906836?
2, 3, 636301
List the prime factors of 2692456809.
3, 7, 128212229
List the prime factors of 18202474.
2, 9101237
What are the prime factors of 17831783?
73, 137, 1783
What are the prime factors of 225357224?
2, 359, 78467
What are the prime factors of 254112202?
2, 1879, 67619
What are the prime factors of 293739233?
23, 12771271
List the prime factors of 78105838.
2, 23, 1697953
What are the prime factors of 193677779?
23, 8420773
What are the prime factors of 2656718790?
2, 3, 5, 11, 8050663
What are the prime factors of 44658331?
89, 501779
List the prime factors of 691002152.
2, 31, 1619, 1721
List the prime factors of 760534458.
2, 3, 61, 263, 7901
List the prime factors of 2182930430.
2, 5, 218293043
List the prime factors of 358877761.
11, 433, 75347
What are the prime factors of 29917140?
2, 3, 5, 11, 45329
What are the prime factors of 72669138?
2, 3, 41, 67, 4409
List the prime factors of 495420176.
2, 31, 998831
List the prime factors of 857321909.
367, 2336027
List the prime factors of 23383205.
5, 19, 47, 5237
What are the prime factors of 770959141?
770959141
What are the prime factors of 2817079289?
19, 148267331
What are the prime factors of 436912169?
37, 59, 263, 761
List the prime factors of 1164472985.
5, 13, 83, 215843
What are the prime factors of 321943595?
5, 64388719
List the prime factors of 32956753.
1087, 30319
What are the prime factors of 6407677281?
3, 17, 29, 79, 173, 317
List the prime factors of 589752162.
2, 3, 32764009
What are the prime factors of 9218661?
3, 37, 53, 1567
What are the prime factors of 27130043?
19, 1427897
List the prime factors of 2121102798.
2, 3, 353517133
List the prime factors of 2519701.
181, 13921
What are the prime factors of 464829572?
2, 17, 6835729
What are the prime factors of 21992740?
2, 5, 7, 11, 14281
List the prime factors of 19044579.
3, 463, 13711
List the prime factors of 35984900.
2, 5, 7, 51407
List the prime factors of 2274794105.
5, 31, 14676091
List the prime factors of 24938544.
2, 3, 519553
What are the prime factors of 141733514?
2, 13, 5451289
List the prime factors of 2782941080.
2, 5, 43, 1617989
What are the prime factors of 395167892?
2, 7, 14113139
List the prime factors of 225173471.
89, 2530039
List the prime factors of 600588134.
2, 67, 4482001
List the prime factors of 113858272.
2, 11, 107, 3023
What are the prime factors of 2401190191?
47, 51089153
What are the prime factors of 16114323?
3, 157, 34213
List the prime factors of 3354837457.
457, 7341001
What are the prime factors of 105990796?
2, 26497699
What are the prime factors of 32697901?
31, 149, 7079
What are the prime factors of 220508368?
2, 2879, 4787
What are the prime factors of 1612307114?
2, 11, 73286687
What are the prime factors of 16998602?
2, 31, 274171
What are the prime factors of 446334435?
3, 5, 23, 31, 4637
List the prime factors of 533929862.
2, 6653, 40127
What are the prime factors of 59626326?
2, 3, 1531, 6491
List the prime factors of 107839808.
2, 47, 35851
List the prime factors of 21087503.
293, 71971
List the prime factors of 620255006.
2, 7, 31, 71, 20129
What are the prime factors of 78087814?
2, 7, 743, 7507
What are the prime factors of 5677965353?
71, 113, 707711
What are the prime factors of 48309550?
2, 5, 966191
What are the prime factors of 892038577?
3547, 251491
List the prime factors of 4857490605.
3, 5, 11, 29439337
List the prime factors of 5280843.
3, 1760281
List the prime factors of 86862925.
5, 3474517
What are the prime factors of 605207824?
2, 13, 1427, 2039
List the prime factors of 960433903.
11, 13, 103, 197, 331
List the prime factors of 3686112.
2, 3, 12799
List the prime factors of 2360278649.
613, 3850373
List the prime factors of 15765714.
2, 3, 79, 11087
List the prime factors of 3522598.
2, 1761299
What are the prime factors of 66547818?
2, 3, 410789
List the prime factors of 123574062.
2, 3, 19, 1083983
List the prime factors of 1022521860.
2, 3, 5, 19, 99661
What are the prime factors of 1657825726?
2, 828912863
What are the prime factors of 436869831?
3, 19, 53, 144611
List the prime factors of 265030594.
2, 29, 31, 223, 661
What are the prime factors of 507715643?
193, 1511, 1741
List the prime factors of 55468094.
2, 11, 67, 311
List the prime factors of 2159072.
2, 109, 619
What are the prime factors of 2586749824?
2, 107, 188869
What are the prime factors of 109937281?
109937281
What are the prime factors of 57371216?
2, 7, 137, 3739
List the prime factors of 434114238.
2, 3, 72352373
List the prime factors of 2744866673.
19, 103, 1402589
What are the prime factors of 298094324?
2, 11, 6774871
List the prime factors of 276539341.
13, 197, 107981
What are the prime factors of 565566757?
7, 23, 3512837
What are the prime factors of 32876939?
131, 250969
List the prime factors of 99276153.
3, 33092051
What are the prime factors of 541276591?
541276591
List the prime factors of 716504571.
3, 43, 1851433
List the prime factors of 164866979.
164866979
List the prime factors of 664251788.
2, 43, 3861929
List the prime factors of 1766830082.
2, 883415041
List the prime factors of 227728963.
7, 11, 701, 4219
List the prime factors of